{"id":755,"date":"2023-11-16T11:56:31","date_gmt":"2023-11-16T10:56:31","guid":{"rendered":"http:\/\/wp14181859.server-he.de\/wordpress\/?page_id=755"},"modified":"2024-11-26T07:54:11","modified_gmt":"2024-11-26T06:54:11","slug":"mach-mit","status":"publish","type":"page","link":"https:\/\/rollsportjugend.de\/www\/wordpress\/mach-mit\/","title":{"rendered":"Mach mit!"},"content":{"rendered":"\t\t<div data-elementor-type=\"wp-page\" data-elementor-id=\"755\" class=\"elementor elementor-755\" data-elementor-post-type=\"page\">\n\t\t\t\t<div class=\"elementor-element elementor-element-a0d3910 e-flex e-con-boxed e-con e-parent\" data-id=\"a0d3910\" data-element_type=\"container\" data-e-type=\"container\" data-settings=\"{&quot;background_background&quot;:&quot;classic&quot;}\">\n\t\t\t\t\t<div class=\"e-con-inner\">\n\t\t\t\t<div class=\"elementor-element elementor-element-2c506a2 elementor-widget elementor-widget-spacer\" data-id=\"2c506a2\" data-element_type=\"widget\" data-e-type=\"widget\" data-widget_type=\"spacer.default\">\n\t\t\t\t<div class=\"elementor-widget-container\">\n\t\t\t\t\t\t\t<div class=\"elementor-spacer\">\n\t\t\t<div class=\"elementor-spacer-inner\"><\/div>\n\t\t<\/div>\n\t\t\t\t\t\t<\/div>\n\t\t\t\t<\/div>\n\t\t\t\t\t<\/div>\n\t\t\t\t<\/div>\n\t\t<div class=\"elementor-element elementor-element-cefff35 e-flex e-con-boxed e-con e-parent\" data-id=\"cefff35\" data-element_type=\"container\" data-e-type=\"container\" data-settings=\"{&quot;background_background&quot;:&quot;classic&quot;}\">\n\t\t\t\t\t<div class=\"e-con-inner\">\n\t\t\t\t<div class=\"elementor-element elementor-element-d59d210 elementor-widget elementor-widget-spacer\" data-id=\"d59d210\" data-element_type=\"widget\" data-e-type=\"widget\" data-widget_type=\"spacer.default\">\n\t\t\t\t<div class=\"elementor-widget-container\">\n\t\t\t\t\t\t\t<div class=\"elementor-spacer\">\n\t\t\t<div class=\"elementor-spacer-inner\"><\/div>\n\t\t<\/div>\n\t\t\t\t\t\t<\/div>\n\t\t\t\t<\/div>\n\t\t\t\t<div class=\"elementor-element elementor-element-a4866a1 elementor-widget elementor-widget-premium-img-layers-addon\" data-id=\"a4866a1\" data-element_type=\"widget\" data-e-type=\"widget\" data-widget_type=\"premium-img-layers-addon.default\">\n\t\t\t\t<div class=\"elementor-widget-container\">\n\t\t\t\t\t\r\n\t\t<div class=\"premium-img-layers-wrapper\" data-devices=\"[&quot;desktop&quot;,&quot;tablet&quot;,&quot;mobile&quot;]\">\r\n\t\t\t<ul class=\"premium-img-layers-list-wrapper\">\r\n\t\t\t\t\r\n\t\t\t\t\t\t<li class=\"premium-img-layers-list-item  elementor-repeater-item-99748e2 premium-img-layer-\" data-float=\"true\" data-float-translate=\"true\" data-floatx-start=\"-5\" data-floatx-end=\"5\" data-floaty-start=\"-5\" data-floaty-end=\"5\" data-float-translate-speed=\"1\" data-layer-hide=\"&quot;&quot;\">\r\n\t\t\t\t\t\t<img fetchpriority=\"high\" decoding=\"async\" width=\"1938\" height=\"1371\" src=\"https:\/\/rollsportjugend.de\/wp-content\/uploads\/2023\/11\/machmit-94.png\" class=\"attachment-full size-full premium-img-layers-image\" alt=\"\" srcset=\"https:\/\/rollsportjugend.de\/wp-content\/uploads\/2023\/11\/machmit-94.png 1938w, https:\/\/rollsportjugend.de\/wp-content\/uploads\/2023\/11\/machmit-94-300x212.png 300w, https:\/\/rollsportjugend.de\/wp-content\/uploads\/2023\/11\/machmit-94-1024x724.png 1024w, https:\/\/rollsportjugend.de\/wp-content\/uploads\/2023\/11\/machmit-94-768x543.png 768w, https:\/\/rollsportjugend.de\/wp-content\/uploads\/2023\/11\/machmit-94-1536x1087.png 1536w\" sizes=\"(max-width: 1938px) 100vw, 1938px\" \/>\r\n\t\t\t\t\t\t\t\r\n\t\t\t\t\t\t\r\n\t\t\t\t\t\t<\/li>\r\n\t\t\t\t\r\n\t\t\t\t\t\t<li class=\"premium-img-layers-list-item  elementor-repeater-item-08f1067 premium-img-layer-\" data-float=\"true\" data-float-translate=\"true\" data-floatx-start=\"-5\" data-floatx-end=\"5\" data-floaty-start=\"-5\" data-floaty-end=\"5\" data-float-translate-speed=\"1\" data-layer-hide=\"&quot;&quot;\">\r\n\t\t\t\t\t\t<img decoding=\"async\" width=\"1441\" height=\"1570\" src=\"https:\/\/rollsportjugend.de\/wp-content\/uploads\/2023\/11\/machmit-93.png\" class=\"attachment-full size-full premium-img-layers-image\" alt=\"\" srcset=\"https:\/\/rollsportjugend.de\/wp-content\/uploads\/2023\/11\/machmit-93.png 1441w, https:\/\/rollsportjugend.de\/wp-content\/uploads\/2023\/11\/machmit-93-275x300.png 275w, https:\/\/rollsportjugend.de\/wp-content\/uploads\/2023\/11\/machmit-93-940x1024.png 940w, https:\/\/rollsportjugend.de\/wp-content\/uploads\/2023\/11\/machmit-93-768x837.png 768w, https:\/\/rollsportjugend.de\/wp-content\/uploads\/2023\/11\/machmit-93-1410x1536.png 1410w\" sizes=\"(max-width: 1441px) 100vw, 1441px\" \/>\r\n\t\t\t\t\t\t\t\r\n\t\t\t\t\t\t\r\n\t\t\t\t\t\t<\/li>\r\n\t\t\t\t\t\t\t\t\t\t\t<\/ul>\r\n\t\t<\/div>\r\n\r\n\t\t\t\t\t\t<\/div>\n\t\t\t\t<\/div>\n\t\t\t\t<div class=\"elementor-element elementor-element-d574e41 premium-floating-effects-yes elementor-invisible elementor-widget elementor-widget-heading\" data-id=\"d574e41\" data-element_type=\"widget\" data-e-type=\"widget\" data-settings=\"{&quot;premium_fe_translate_switcher&quot;:&quot;yes&quot;,&quot;premium_fe_Xtranslate&quot;:{&quot;unit&quot;:&quot;px&quot;,&quot;size&quot;:&quot;&quot;,&quot;sizes&quot;:{&quot;from&quot;:0,&quot;to&quot;:10}},&quot;premium_fe_Ytranslate&quot;:{&quot;unit&quot;:&quot;px&quot;,&quot;size&quot;:&quot;&quot;,&quot;sizes&quot;:{&quot;from&quot;:0,&quot;to&quot;:11}},&quot;_animation&quot;:&quot;fadeInUp&quot;,&quot;premium_fe_trigger&quot;:&quot;load&quot;,&quot;premium_fe_trans_duration&quot;:{&quot;unit&quot;:&quot;px&quot;,&quot;size&quot;:1000,&quot;sizes&quot;:[]},&quot;premium_fe_trans_delay&quot;:{&quot;unit&quot;:&quot;px&quot;,&quot;size&quot;:&quot;&quot;,&quot;sizes&quot;:[]},&quot;premium_fe_direction&quot;:&quot;alternate&quot;,&quot;premium_fe_loop&quot;:&quot;default&quot;,&quot;premium_fe_easing&quot;:&quot;easeInOutSine&quot;}\" data-widget_type=\"heading.default\">\n\t\t\t\t<div class=\"elementor-widget-container\">\n\t\t\t\t\t<h1 class=\"elementor-heading-title elementor-size-default\">Sport als <br \/>\nMotor der\nPers\u00f6nlichkeits-\nentwicklung<\/h1>\t\t\t\t<\/div>\n\t\t\t\t<\/div>\n\t\t\t\t<div class=\"elementor-element elementor-element-784f669 elementor-widget elementor-widget-spacer\" data-id=\"784f669\" data-element_type=\"widget\" data-e-type=\"widget\" data-widget_type=\"spacer.default\">\n\t\t\t\t<div class=\"elementor-widget-container\">\n\t\t\t\t\t\t\t<div class=\"elementor-spacer\">\n\t\t\t<div class=\"elementor-spacer-inner\"><\/div>\n\t\t<\/div>\n\t\t\t\t\t\t<\/div>\n\t\t\t\t<\/div>\n\t\t\t\t\t<\/div>\n\t\t\t\t<\/div>\n\t\t<div class=\"elementor-element elementor-element-f5e7a9d e-flex e-con-boxed e-con e-parent\" data-id=\"f5e7a9d\" data-element_type=\"container\" data-e-type=\"container\" data-settings=\"{&quot;background_background&quot;:&quot;classic&quot;}\">\n\t\t\t\t\t<div class=\"e-con-inner\">\n\t\t\t\t<div class=\"elementor-element elementor-element-399cd6a elementor-widget elementor-widget-spacer\" data-id=\"399cd6a\" data-element_type=\"widget\" data-e-type=\"widget\" data-widget_type=\"spacer.default\">\n\t\t\t\t<div class=\"elementor-widget-container\">\n\t\t\t\t\t\t\t<div class=\"elementor-spacer\">\n\t\t\t<div class=\"elementor-spacer-inner\"><\/div>\n\t\t<\/div>\n\t\t\t\t\t\t<\/div>\n\t\t\t\t<\/div>\n\t\t\t\t<div class=\"elementor-element elementor-element-f2d9dbb elementor-widget__width-initial elementor-widget elementor-widget-text-editor\" data-id=\"f2d9dbb\" data-element_type=\"widget\" data-e-type=\"widget\" data-widget_type=\"text-editor.default\">\n\t\t\t\t<div class=\"elementor-widget-container\">\n\t\t\t\t\t\t\t\t\t<p>In der Pers\u00f6nlichkeit wachsen, mitbestimmen, auf der Ferienfreizeit Verantwortung \u00fcbernehmen, sich beim Jugendaustausch engagieren, den Rollsport medial positionieren und digital vernetzen.<\/p><p>Wir setzen unsere Themen selbst, gemeinsam pr\u00e4gen wir den Rollsport. Mit der Kampagne &#8222;Lass rollen!&#8220; suchen wir dich und dein Engagement! Roll mit! Finde mehr Informationen hier ab Januar 2025.<\/p>\t\t\t\t\t\t\t\t<\/div>\n\t\t\t\t<\/div>\n\t\t\t\t<div class=\"elementor-element elementor-element-91419c5 elementor-align-center elementor-widget elementor-widget-lottie\" data-id=\"91419c5\" data-element_type=\"widget\" data-e-type=\"widget\" data-settings=\"{&quot;source_json&quot;:{&quot;url&quot;:&quot;https:\\\/\\\/rollsportjugend.de\\\/wp-content\\\/uploads\\\/2023\\\/12\\\/Skateboard_231206.json&quot;,&quot;id&quot;:1740,&quot;size&quot;:&quot;&quot;,&quot;alt&quot;:&quot;&quot;,&quot;source&quot;:&quot;library&quot;},&quot;loop&quot;:&quot;yes&quot;,&quot;source&quot;:&quot;media_file&quot;,&quot;caption_source&quot;:&quot;none&quot;,&quot;link_to&quot;:&quot;none&quot;,&quot;trigger&quot;:&quot;arriving_to_viewport&quot;,&quot;viewport&quot;:{&quot;unit&quot;:&quot;%&quot;,&quot;size&quot;:&quot;&quot;,&quot;sizes&quot;:{&quot;start&quot;:0,&quot;end&quot;:100}},&quot;play_speed&quot;:{&quot;unit&quot;:&quot;px&quot;,&quot;size&quot;:1,&quot;sizes&quot;:[]},&quot;start_point&quot;:{&quot;unit&quot;:&quot;%&quot;,&quot;size&quot;:0,&quot;sizes&quot;:[]},&quot;end_point&quot;:{&quot;unit&quot;:&quot;%&quot;,&quot;size&quot;:100,&quot;sizes&quot;:[]},&quot;renderer&quot;:&quot;svg&quot;}\" data-widget_type=\"lottie.default\">\n\t\t\t\t<div class=\"elementor-widget-container\">\n\t\t\t\t\t<div class=\"e-lottie__container\"><div class=\"e-lottie__animation\"><\/div><\/div>\t\t\t\t<\/div>\n\t\t\t\t<\/div>\n\t\t\t\t\t<\/div>\n\t\t\t\t<\/div>\n\t\t<div class=\"elementor-element elementor-element-9f29a80 e-flex e-con-boxed e-con e-parent\" data-id=\"9f29a80\" data-element_type=\"container\" data-e-type=\"container\" data-settings=\"{&quot;background_background&quot;:&quot;classic&quot;}\">\n\t\t\t\t\t<div class=\"e-con-inner\">\n\t\t\t\t<div class=\"elementor-element elementor-element-c1f14d7 elementor-widget elementor-widget-spacer\" data-id=\"c1f14d7\" data-element_type=\"widget\" data-e-type=\"widget\" data-widget_type=\"spacer.default\">\n\t\t\t\t<div class=\"elementor-widget-container\">\n\t\t\t\t\t\t\t<div class=\"elementor-spacer\">\n\t\t\t<div class=\"elementor-spacer-inner\"><\/div>\n\t\t<\/div>\n\t\t\t\t\t\t<\/div>\n\t\t\t\t<\/div>\n\t\t\t\t<div class=\"elementor-element elementor-element-4d54a1f premium-floating-effects-yes elementor-invisible elementor-widget elementor-widget-heading\" data-id=\"4d54a1f\" data-element_type=\"widget\" data-e-type=\"widget\" data-settings=\"{&quot;premium_fe_translate_switcher&quot;:&quot;yes&quot;,&quot;premium_fe_Xtranslate&quot;:{&quot;unit&quot;:&quot;px&quot;,&quot;size&quot;:&quot;&quot;,&quot;sizes&quot;:{&quot;from&quot;:0,&quot;to&quot;:10}},&quot;premium_fe_Ytranslate&quot;:{&quot;unit&quot;:&quot;px&quot;,&quot;size&quot;:&quot;&quot;,&quot;sizes&quot;:{&quot;from&quot;:0,&quot;to&quot;:11}},&quot;_animation&quot;:&quot;bounceInLeft&quot;,&quot;premium_fe_trigger&quot;:&quot;load&quot;,&quot;premium_fe_trans_duration&quot;:{&quot;unit&quot;:&quot;px&quot;,&quot;size&quot;:1000,&quot;sizes&quot;:[]},&quot;premium_fe_trans_delay&quot;:{&quot;unit&quot;:&quot;px&quot;,&quot;size&quot;:&quot;&quot;,&quot;sizes&quot;:[]},&quot;premium_fe_direction&quot;:&quot;alternate&quot;,&quot;premium_fe_loop&quot;:&quot;default&quot;,&quot;premium_fe_easing&quot;:&quot;easeInOutSine&quot;}\" data-widget_type=\"heading.default\">\n\t\t\t\t<div class=\"elementor-widget-container\">\n\t\t\t\t\t<h1 class=\"elementor-heading-title elementor-size-default\">#lassrollen<\/h1>\t\t\t\t<\/div>\n\t\t\t\t<\/div>\n\t\t\t\t<div class=\"elementor-element elementor-element-720dde0 elementor-widget elementor-widget-spacer\" data-id=\"720dde0\" data-element_type=\"widget\" data-e-type=\"widget\" data-widget_type=\"spacer.default\">\n\t\t\t\t<div class=\"elementor-widget-container\">\n\t\t\t\t\t\t\t<div class=\"elementor-spacer\">\n\t\t\t<div class=\"elementor-spacer-inner\"><\/div>\n\t\t<\/div>\n\t\t\t\t\t\t<\/div>\n\t\t\t\t<\/div>\n\t\t\t\t\t<\/div>\n\t\t\t\t<\/div>\n\t\t\t\t<\/div>\n\t\t","protected":false},"excerpt":{"rendered":"<p>Sport als Motor der Pers\u00f6nlichkeits- entwicklung In der Pers\u00f6nlichkeit wachsen, mitbestimmen, auf der Ferienfreizeit Verantwortung \u00fcbernehmen, sich beim Jugendaustausch engagieren, den Rollsport medial positionieren und digital vernetzen. Wir setzen unsere Themen selbst, gemeinsam pr\u00e4gen wir den Rollsport. Mit der Kampagne &#8222;Lass rollen!&#8220; suchen wir dich und dein Engagement! Roll mit! Finde mehr Informationen hier ab [&hellip;]<\/p>\n","protected":false},"author":1,"featured_media":0,"parent":0,"menu_order":0,"comment_status":"closed","ping_status":"closed","template":"","meta":{"site-sidebar-layout":"no-sidebar","site-content-layout":"","ast-site-content-layout":"full-width-container","site-content-style":"default","site-sidebar-style":"default","ast-global-header-display":"","ast-banner-title-visibility":"","ast-main-header-display":"","ast-hfb-above-header-display":"","ast-hfb-below-header-display":"","ast-hfb-mobile-header-display":"","site-post-title":"disabled","ast-breadcrumbs-content":"","ast-featured-img":"disabled","footer-sml-layout":"","theme-transparent-header-meta":"","adv-header-id-meta":"","stick-header-meta":"","header-above-stick-meta":"","header-main-stick-meta":"","header-below-stick-meta":"","astra-migrate-meta-layouts":"default","ast-page-background-enabled":"default","ast-page-background-meta":{"desktop":{"background-color":"var(--ast-global-color-4)","background-image":"","background-repeat":"repeat","background-position":"center center","background-size":"auto","background-attachment":"scroll","background-type":"","background-media":"","overlay-type":"","overlay-color":"","overlay-opacity":"","overlay-gradient":""},"tablet":{"background-color":"","background-image":"","background-repeat":"repeat","background-position":"center center","background-size":"auto","background-attachment":"scroll","background-type":"","background-media":"","overlay-type":"","overlay-color":"","overlay-opacity":"","overlay-gradient":""},"mobile":{"background-color":"","background-image":"","background-repeat":"repeat","background-position":"center center","background-size":"auto","background-attachment":"scroll","background-type":"","background-media":"","overlay-type":"","overlay-color":"","overlay-opacity":"","overlay-gradient":""}},"ast-content-background-meta":{"desktop":{"background-color":"var(--ast-global-color-5)","background-image":"","background-repeat":"repeat","background-position":"center center","background-size":"auto","background-attachment":"scroll","background-type":"","background-media":"","overlay-type":"","overlay-color":"","overlay-opacity":"","overlay-gradient":""},"tablet":{"background-color":"var(--ast-global-color-5)","background-image":"","background-repeat":"repeat","background-position":"center center","background-size":"auto","background-attachment":"scroll","background-type":"","background-media":"","overlay-type":"","overlay-color":"","overlay-opacity":"","overlay-gradient":""},"mobile":{"background-color":"var(--ast-global-color-5)","background-image":"","background-repeat":"repeat","background-position":"center center","background-size":"auto","background-attachment":"scroll","background-type":"","background-media":"","overlay-type":"","overlay-color":"","overlay-opacity":"","overlay-gradient":""}},"footnotes":""},"class_list":["post-755","page","type-page","status-publish","hentry"],"_links":{"self":[{"href":"https:\/\/rollsportjugend.de\/www\/wordpress\/wp-json\/wp\/v2\/pages\/755","targetHints":{"allow":["GET"]}}],"collection":[{"href":"https:\/\/rollsportjugend.de\/www\/wordpress\/wp-json\/wp\/v2\/pages"}],"about":[{"href":"https:\/\/rollsportjugend.de\/www\/wordpress\/wp-json\/wp\/v2\/types\/page"}],"author":[{"embeddable":true,"href":"https:\/\/rollsportjugend.de\/www\/wordpress\/wp-json\/wp\/v2\/users\/1"}],"replies":[{"embeddable":true,"href":"https:\/\/rollsportjugend.de\/www\/wordpress\/wp-json\/wp\/v2\/comments?post=755"}],"version-history":[{"count":122,"href":"https:\/\/rollsportjugend.de\/www\/wordpress\/wp-json\/wp\/v2\/pages\/755\/revisions"}],"predecessor-version":[{"id":2060,"href":"https:\/\/rollsportjugend.de\/www\/wordpress\/wp-json\/wp\/v2\/pages\/755\/revisions\/2060"}],"wp:attachment":[{"href":"https:\/\/rollsportjugend.de\/www\/wordpress\/wp-json\/wp\/v2\/media?parent=755"}],"curies":[{"name":"wp","href":"https:\/\/api.w.org\/{rel}","templated":true}]}}